d 5?
1
Let m = 153 + -143. Suppose 205 = 7*b - 68. Let i = b - m. What is the greatest common factor of i and 261?
29
Suppose -839 = 2*z + h, 0*h + 2099 = -5*z - 2*h. Let c = z - -481. Calculate the highest common factor of 140 and c.
20
Let l be -1663*((-17 - -11) + -13). What is the greatest common divisor of l and 19?
19
Let o(n) = 174*n**2 + 411*n - 822. Let i be o(2). What is the highest common factor of i and 240?
24
Suppose -n - 3*p = 21, -21 = 3*n + 3*p + 36. Let h be 339/(-7) - n/42. Let r be (-18)/(-117) + h/(-26). What is the highest common factor of r and 16?
2
Suppose -8*w - 109 = -197. Let y(z) = -2*z + 126. Let s be y(w). What is the highest common factor of s and 13?
13
Let l be 4/22 + (-10283)/(-11). Suppose 5*i + l = 10*i. Suppose -5*g + 83 = -k, 0 = -8*g + 7*g - 2*k + 21. Calculate the greatest common factor of i and g.
17
Let l = 900 + -837. What is the highest common factor of 2121 and l?
21
Let t = 149 + -54. Let j = t + -23. Suppose 5*z = 2*h - 41, 2*z = -4*h + 24 - 2. Calculate the highest common divisor of j and h.
8
Let k = -1603 + 1699. Let t = 110 - 30. Calculate the greatest common divisor of k and t.
16
Suppose -40*q + 39*q + 98 = -79. What is the highest common divisor of 2773 and q?
59
Suppose -2*b + 16 = 2*b, 3*z - 16 = -4*b. Suppose z = -7*f - 11*f + 1764. Calculate the greatest common divisor of 14 and f.
14
Let c(q) = -9*q**3 - 4*q**2 - 8*q - 4. Let m be c(-4). Suppose -2*j + m = -98. Calculate the highest common factor of j and 29.
29
Let p be (-198)/(-7) + 4/(-14). Suppose 2603*b - j = 2602*b + 19, 7*b - 3*j = 73. What is the greatest common factor of p and b?
4
Let r be (-115)/7 + (-3)/(-7). Let s(j) = 7*j + 162. Let v be s(r). Calculate the greatest common factor of 50 and v.
50
Suppose 4*c - 4*f = 261 + 183, 0 = c - 5*f - 119. Let i = c - 94. Calculate the greatest common factor of i and 20.
5
Suppose -316 + 64 = -7*o. Suppose 3*x + o = 6*x. Let h(b) = -b**2 + 27*b + 30. Let u be h(x). What is the greatest common divisor of 21 and u?
21
Let s = -9985 + 10161. What is the highest common factor of s and 144?
16
Let d be (-878)/(-5) - 10/(-25). Suppose 0 = -29*n - 102 + 566. What is the greatest common factor of n and d?
16
Let t be 1 - (-16 + 0 - -2). Suppose 5*w + 42 = 162. Let j = 39 - w. Calculate the highest common divisor of t and j.
15
Let w be 2 + 138/3*(-2)/4. Let u be -2 - -323 - 7/(w/9). Suppose -u = -6*i + 894. Calculate the greatest common factor of 29 and i.
29
Suppose 248*u + 49*u - 194832 = 0. Calculate the greatest common factor of 697 and u.
41
Suppose 0 = 5*q + 3*u - 27078, 21654 = 4*q + 100*u - 99*u. Calculate the greatest common divisor of q and 44.
44
Suppose 5*b = -40 - 55. Let u = 57 - b. Suppose -3*q - 4*v + 55 = -3*v, q = 4*v + 27. What is the greatest common factor of q and u?
19
Suppose -4*s = -4*g + 184, -2*g + 40 = -4*s - 52. Let z = g - 24. Calculate the greatest common factor of 429 and z.
11
Let r = -16048 - -18370. What is the greatest common factor of 189 and r?
27
Let f(g) = -17*g - 9. Let x be f(-7). Let y = 21182 + -21172. What is the highest common factor of x and y?
10
Suppose 5*x - 172 = -4*f, 5*f - 313 = -5*x - 108. Suppose 4*c - 1707 + 475 = 0. Calculate the highest common factor of c and f.
11
Suppose 9*d = -2*i + 6*d + 657, -i - 4*d + 341 = 0. Calculate the highest common divisor of i and 27.
3
Let u be 2/(-7) + 9/7. Let f = u + 0. Let s be (-5)/(60/42)*((-1320)/35)/12. What is the highest common factor of f and s?
1
Suppose d - 141 = -0*d. Let x(y) = -y**2 + 9*y + 1196. Let l be x(-29). What is the greatest common divisor of l and d?
47
Suppose -307*n + 311*n = 0. Suppose n = 3*l + 4*k - 679, 719 = 3*l + 5*k + 36. Calculate the highest common divisor of 34 and l.
17
Suppose 603 = 3*u - 2*c, -c - 304 = -2*u + 100. What is the highest common divisor of u and 160?
5
Let j be 25681500/1875 - 8/10. Calculate the highest common factor of j and 4.
4
Let f(l) = -2*l + 53. Let v be f(4). Let r(i) = 132*i + 7*i**2 + 22*i**2 - 130*i. Let u be r(-1). What is the highest common divisor of u and v?
9
Suppose v + z - 64 - 144 = 0, 0 = -3*v - 5*z + 634. Calculate the highest common factor of v and 1711.
29
Let q = 371 + -168. Let k = 221 - 192. What is the highest common divisor of k and q?
29
Let a(o) = -10 - 6 - 6*o + 16. Let h be a(-2). What is the greatest common divisor of h and 18?
6
Let m = -750 - -496. Let q = 317 + m. Calculate the highest common divisor of q and 84.
21
Let f(y) = 2*y**2 + 34*y - 43. Suppose 9*z = 4*z - 95. Let r be f(z). Calculate the highest common divisor of 9 and r.
3
Suppose -21*f + 58 = -299. Let g be 200/(-6) + (-6)/9. Let q be (-2)/1*f/g. What is the greatest common factor of 16 and q?
1
Suppose 5*q = 5*h + 20, -4*q + 6*h = 3*h - 12. Suppose 8*p - 2*p = q. Suppose -10*r + r + 81 = p. What is the highest common divisor of 99 and r?
9
Suppose 2*p - 4*b - 74 = 0, -76 = -3*p + b + 10. What is the highest common divisor of 1899 and p?
9
Suppose 33*b = 37*b. Suppose 48*w - 53*w + 280 = b. Suppose -6*t + 5*t + w = 4*m, 2*m = 8. Calculate the greatest common factor of t and 160.
40
Let u be (-13)/((-234)/(-135))*216/(-3). What is the greatest common factor of u and 1020?
60
Let i(p) = 3*p**2 + 87*p - 13. Let z be i(-30). Calculate the highest common divisor of z and 35.
7
Let s(u) = -711*u - 4732. Let c be s(-7). What is the greatest common factor of 1155 and c?
35
Let z = 57 + 39. Let c be 4/(-10) - (5 - (-3492)/(-30)). Suppose -2*a + 0*a - 6 = 0, -c = -4*v + 5*a. Calculate the greatest common divisor of v and z.
24
Let t = 207 - 207. Suppose 5*x + o - 70 = t, -17*o = -12*o. Let c(u) = -u**2 + 9*u - 10. Let w be c(7). What is the greatest common divisor of x and w?
2
Let u be (-3 - (-14)/6)*63/(-6). Suppose -3*a - 2*n = -355, u*a - 2*a = 2*n + 613. What is the greatest common divisor of 33 and a?
11
Let u be (22/(-3))/(-3 - 1113/(-378)). Calculate the highest common divisor of u and 714.
6
Suppose -99*j + 103262 = -17810 + 24151. Calculate the greatest common factor of j and 178.
89
Let o(u) = -12*u + 1. Let r be o(-8). Let f = 1015 - 914. Let x = f - r. Calculate the greatest common divisor of x and 4.
4
Let o be 1 + 4 + -4 + 3. Let v = o - -6. Let t be (6 + 0)/(-3) + 22. What is the greatest common divisor of v and t?
10
Suppose -8*q + 53 = -35. Let w = -172 + 271. Calculate the highest common divisor of q and w.
11
Let o = -1338 - -1371. Let k(m) = -m**3 - 6*m**2 - 8*m - 4. Let u be k(-5). Calculate the greatest common factor of o and u.
11
Let t be (-12)/20 - (1643/(-5) - 2) - -5. Calculate the highest common factor of t and 938.
67
Let k = 4462 - 3888. Calculate the highest common factor of 82 and k.
82
Let o(d) = 2*d**2 + 19*d + 19. Let h = -126 - -117. Let f be o(h). Calculate the greatest common divisor of f and 90.
10
Suppose 7*m - 11*m + 51 = 3*t, -20 = -2*m + 4*t. Calculate the greatest common divisor of m and 1452.
12
Suppose -2*x + 2*f = f + 10, -12 = x - 4*f. Let b be ((-26)/x)/1*(11 - 5). Suppose 0 = 6*c - 115 - 41. Calculate the greatest common factor of b and c.
13
Let h(u) = u**3 - 111*u**2 - 963*u + 32. Let j be h(-8). Let g(n) = -29*n + 3. Let b be g(-3). Calculate the highest common divisor of b and j.
30
Let j = 461 + -459. Suppose -84*o = -81*o - 3. What is the highest common divisor of j and o?
1
Let a(w) = -26*w + 2742. Let h be a(-9). What is the greatest common factor of 16 and h?
16
Let d = 457 - 457. Suppose 34*y + 172 - 716 = d. Calculate the highest common divisor of y and 80.
16
Suppose 29*a - 15629 - 5875 = 5*a. Calculate the greatest common divisor of 3200 and a.
128
Let v be ((-3)/((-6)/20))/((-70)/(-245)). Suppose 0*f + 4*f = -4*n + 100, -85 = -4*n - f. What is the highest common divisor of v and n?
5
Let p(c) = -5*c - 2. Let d be 253/46 + (-1)/(-2). Let f be (-4 - (-3)/3)*4/d. Let i be p(f). What is the highest common divisor of i and 4?
4
Suppose -7*s + 1721 + 1289 = 0. Let b = -387 + s. What is the highest common factor of b and 86?
43
Let f = 414 + -411. Suppose 12*d - 3*b = 16*d - 38, -d = 4*b - f. What is the highest common factor of 330 and d?
11
Suppose 0 = 6*i - 2*i - 756. Let g(m) = 27*m**2 - 157*m - 9. Let c be (-7 - -1) + -1 + 13. Let o be g(c). Calculate the greatest common factor of i and o.
21
S